s.
139
Let c = -1831 - -332. Let f = -1015 - c. What are the prime factors of f?
2, 11
Let a(x) = x**3 + 37*x**2 - 7*x - 30. Let i be a(-30). Suppose 0 = 56*t - 44*t - i. List the prime factors of t.
2, 3, 5
Let u(d) = -9*d**3 - 15*d**2 - d + 16. What are the prime factors of u(-8)?
2, 3, 17
Suppose 5*s = 3*z + 3209, -2*z = -5*s - 4*z + 3219. Suppose 0 = 5*i + 128 - s. What are the prime factors of i?
103
Let q = 31047 + -13379. What are the prime factors of q?
2, 7, 631
Let c = 89 + -104. Let w be (-1554)/15 - (-6)/c. Let m = w + 121. What are the prime factors of m?
17
Let w(l) = -7*l - 7. Let x be w(-5). Let h(n) = -n**3 + 48*n**2 - 351*n + 16. Let k be h(39). Let v = x - k. List the prime factors of v.
2, 3
Suppose 5*i - 10*p = -14*p + 98431, -3*p - 39377 = -2*i. What are the prime factors of i?
19687
Let i = -160 + 160. Let b(s) = 5*s**2 + 377. List the prime factors of b(i).
13, 29
Let t(l) = 2629*l**2 - 19*l - 15. List the prime factors of t(-1).
2633
Let d = -3321 - -11059. List the prime factors of d.
2, 53, 73
Suppose t + 7 = 2, 209 = -2*j - 3*t. Let b = 99 + j. Suppose 0*f = -u - 4*f, b*u = 3*f + 11. What are the prime factors of u?
2
Let b(j) be the first derivative of j**2/2 - 7*j + 7. Let t be b(8). List the prime factors of 2*-50*t/(-4).
5
Let i(j) be the second derivative of j**3/2 + 33*j**2 + 4*j. Let n be i(-23). What are the prime factors of n + (-75)/(4 - 5)?
2, 3
Let k(t) = t**3 + 11*t**2 + 20*t + 7. Let d be (720/(-50))/(3/(-20)). Let q = -102 + d. What are the prime factors of k(q)?
67
Let g = 17 - -32. Suppose -53*q - 8 = -g*q. List the prime factors of (q - -7) + -5 + 196.
2, 7
Let g = 10 - 14. Let x be 413 - (g/16*-4)/(-1). Suppose 3*m + 3*w - x = 0, -m - 4*w = -0*w - 123. List the prime factors of m.
11, 13
Let p(c) = 58*c**2 - 10*c + 51. List the prime factors of p(12).
3, 11, 251
Suppose -9*c + 8*c - 14 = 0. List the prime factors of ((-108)/c)/((33/14)/11).
2, 3
Let x be (-214 - 0)*(-100)/(-25). Let p = -246 - x. List the prime factors of p.
2, 5, 61
Let c(h) = 16*h**2 - 27*h - 30. Let f be c(14). Let a be 1/(-4) + f/32. Suppose -15*b + 16*b - a = 0. List the prime factors of b.
5, 17
Let m be 6 + 1 + (-28)/(-7). Let n = m + -21. What are the prime factors of (n/(-8))/(14/112)?
2, 5
Let v = 873 + -433. What are the prime factors of 2/(6/(-9))*v/(-6)?
2, 5, 11
Suppose 0 = 16*l + 19703 - 116535. List the prime factors of l.
2, 17, 89
Let x = -86 - -90. Suppose n + 425 = 3*q + 1266, -4*q = x*n - 3444. What are the prime factors of n?
2, 107
Let o(h) = 4*h**2 - 2*h + 23. Let c be o(19). Suppose -17*m + 1795 = -12*m - 5*f, 0 = -4*m - 3*f + c. List the prime factors of m.
2, 179
Let x be (0 + 0 + -6)/(-10 - -8). Let c(v) = 2*v + 4 + 2*v - x*v. What are the prime factors of c(-1)?
3
Suppose -3*x = -4*o - 35390 + 7751, 0 = -2*o - 12. What are the prime factors of x?
5, 7, 263
Suppose 27177 - 8340 = 9*b. Suppose -2*w + 3080 = 4*q, 218 = 3*q + 2*w - b. List the prime factors of q.
769
Suppose 21*z - 2*t = 20*z + 3402, -13616 = -4*z + 4*t. What are the prime factors of z?
2, 13, 131
Let q be (-208)/12 + 4/(-6). Let s be ((-11)/2)/((-3)/q). Let o = s + 77. List the prime factors of o.
2, 11
Let h be (-613)/1 - (48 - 53). Let p = h - -1681. List the prime factors of p.
29, 37
Suppose -8846 = -k + 5*m, -m + 43627 = 3*k + 17185. What are the prime factors of k?
2, 19, 29
List the prime factors of 7 + 31217/7 + (-19)/266*-6.
3, 1489
Let v = -415 + 596. Let g = v + 660. What are the prime factors of g?
29
Suppose 0 = -u - 26*l + 22*l + 7072, -5*u = -5*l - 35385. List the prime factors of u.
2, 29, 61
List the prime factors of (5450/75)/(8/2172).
109, 181
Suppose -5*p = 4*y - 298, 59 = -3*y + 5*p + 265. Let g = y + 41. List the prime factors of g.
113
List the prime factors of (-7908)/(-14)*(-12859)/(-334).
3, 11, 659
List the prime factors of 33502 + 6 - (23 + -10 + -11).
2, 11, 1523
Suppose 6*b - 3963 = 2005*y - 2008*y, 0 = 5*y - 3*b - 6683. What are the prime factors of y?
31, 43
Let x(n) = 4391*n - 5738. List the prime factors of x(4).
2, 3, 73
Let h be 1*(5 - (-1 + 3)). Let w be (73/h + -2)/((-6)/18). Let y = 150 + w. What are the prime factors of y?
83
Let t be 6/(-10) - (-81)/(-15). Let a(x) = 8 - 11*x + 96*x**3 - 9*x**2 + 11 - 98*x**3. List the prime factors of a(t).
193
Let y(n) = -374*n + 17. Let c be y(-2). Suppose 0 = 4*k - 2941 + c. What are the prime factors of k?
2, 17
Let z(v) = v**3 - 6*v**2 - 21*v + 3. Suppose -10*s = -2*s - 104. List the prime factors of z(s).
11, 83
Let u be (1/3 - 106/(-6)) + -4. Suppose -5*x - 67 + u = -3*q, -5*x = -10. List the prime factors of q.
3, 7
Suppose -44*v + 203*v = 3808050. What are the prime factors of v?
2, 5, 479
Let o = -3377 - -4891. Let s = -730 + o. What are the prime factors of s?
2, 7
Let i = 76 + -73. Suppose -8 = n - i*n. Suppose 4*d - 84 = 4*x, 3*d - n*x + 98 = 6*d. What are the prime factors of d?
2, 13
Suppose 0 = -3*k - 3*p + 2295, -488 + 3547 = 4*k + 5*p. What are the prime factors of k?
2, 383
Let w = 222 - 106. Let v = w + -90. Let j = 3 + v. List the prime factors of j.
29
Suppose 28*t - 2703 = 31*t. Let b = t + 1261. List the prime factors of b.
2, 3, 5
Suppose 342 = s + 5*i, 4*s - 1468 = -i + 6*i. Suppose -3*d + 22 = -s. What are the prime factors of d?
2
Suppose 86*y + 9107 = 93*y. Suppose o - 5*u - 673 = 0, -o + 5*u - y = -3*o. List the prime factors of o.
2, 7, 47
Let f = 8081 - 5186. What are the prime factors of f?
3, 5, 193
Let j = -6159 + 17234. What are the prime factors of j?
5, 443
Let y = -15586 - -32996. List the prime factors of y.
2, 5, 1741
Let l(n) = 216*n - 161. Let s be l(13). Suppose 0 = 2*c - 5*p - 1754 + 702, 5*c - 4*p - s = 0. What are the prime factors of c?
3, 59
Let d = 967 - 988. Suppose -a + 3*s - 9 = s, 0 = 3*a + s - 8. What are the prime factors of (a/3)/((-2)/(22*d))?
7, 11
Let s = 4446 + -3036. What are the prime factors of ((-6)/(-4))/(47/s)?
3, 5
Let t(g) = g**2 + 13*g + 9. Let i be t(-12). Let r be 36/(-54) - 551/i. Let y = r - -55. What are the prime factors of y?
2, 7, 17
Suppose 90*n = 2289495 + 14044 - 370519. What are the prime factors of n?
2, 10739
Suppose -2*m - 5*b = -4*b - 12865, 0 = 3*m - 2*b - 19287. What are the prime factors of m?
59, 109
Let o = -13333 + 28186. What are the prime factors of o?
3, 4951
Suppose -583920 = -1836*t + 1764*t. What are the prime factors of t?
2, 5, 811
Let p(y) = y**3 - 7 - y - 235*y**2 + 231*y**2 - 3*y. Let x be p(5). What are the prime factors of x + 3 - 1740/(-10)?
5, 7
Let g = -32750 + 79125. What are the prime factors of g?
5, 7, 53
Let h(u) = u**2 - 2*u - 12. Let w(b) = 4*b**2 - 5*b - 36. Let m(k) = -7*h(k) + 2*w(k). Let g be m(5). Let s = -46 + g. List the prime factors of s.
11
What are the prime factors of 32/20*217580/176?
2, 23, 43
Let m(a) = 3*a - 42. Let t be m(17). Let s be ((-81)/(-3))/(t/30). Let j = s + 0. What are the prime factors of j?
2, 3, 5
Let d be 436/10 - ((-12)/5)/6. Let u = -37 + d. List the prime factors of 1/(((-3)/u)/(-3)).
7
Let v(j) = 16133*j**3 - 2*j**2 + 3*j. List the prime factors of v(1).
2, 3, 2689
Let h(j) = 70*j**3 - 7*j**2 - 270*j + 2724. What are the prime factors of h(10)?
2, 3, 53, 109
Let v(c) = 4*c**2 - 56*c + 636. What are the prime factors of v(-52)?
2, 3, 7, 19
Let a = -3062 + 5672. Let k = -748 + a. What are the prime factors of k?
2, 7, 19
Let g(t) = -1246*t - 554. List the prime factors of g(-15).
2, 2267
What are the prime factors of 12213 + (4/(-10))/(107/535)?
12211
Let p(z) = 48*z**2 - 17*z + 37. Let n be (5*(-14)/(-105))/((-2)/(-9)). What are the prime factors of p(n)?
2, 11, 19
Suppose 2*y - 456 = -3*i, -10*y - 4*i + 916 = -6*y. Let w(l) = 2*l**2 + l - 2. Let o be w(-2). Suppose 0 = h - o*h + y. What are the prime factors of h?
7, 11
Let j be 1623 - (8 - (-2 + 14)). Suppose -2338 = -13*r + j. List the prime factors of r.
5, 61
List the prime factors of (1/4)/(31/372)*(-19406)/(-6).
31, 313
Suppose -356 = 3*j - 326. List the prime factors of -9 - (-43)/5 - 3844/j.
2, 3
Let y(l) = 32*l - 37. Let v be y(-5). Let s = -19 - v. Let w = s + -90. What are the prime factors of w?
2, 11
Suppose 0 = 3*q + n - 7 + 2, 0 = -2*q + 2*n - 10. Suppose -24 = -q*o - 6*o. What are the prime factors of (79 - -3)*2/o?
41
Let k be (((-20)/4)/(-10))